32?
7
What is the remainder when 88149 is divided by 50?
49
What is the remainder when 82 is divided by 30?
22
Calculate the remainder when 2783 is divided by 90.
83
Calculate the remainder when 2281 is divided by 2.
1
What is the remainder when 2017 is divided by 1981?
36
What is the remainder when 23 is divided by 2?
1
Calculate the remainder when 430 is divided by 26.
14
What is the remainder when 375 is divided by 54?
51
What is the remainder when 352 is divided by 118?
116
What is the remainder when 399 is divided by 192?
15
Calculate the remainder when 445 is divided by 32.
29
Calculate the remainder when 2123 is divided by 25.
23
Calculate the remainder when 111 is divided by 13.
7
What is the remainder when 41 is divided by 14?
13
Calculate the remainder when 934 is divided by 7.
3
What is the remainder when 263 is divided by 7?
4
Calculate the remainder when 5372 is divided by 4.
0
Calculate the remainder when 11469 is divided by 16.
13
What is the remainder when 30 is divided by 17?
13
Calculate the remainder when 516 is divided by 46.
10
What is the remainder when 1824 is divided by 911?
2
Calculate the remainder when 465 is divided by 12.
9
What is the remainder when 82 is divided by 32?
18
What is the remainder when 108 is divided by 9?
0
Calculate the remainder when 1774 is divided by 25.
24
Calculate the remainder when 56 is divided by 31.
25
Calculate the remainder when 2557 is divided by 99.
82
What is the remainder when 240 is divided by 35?
30
What is the remainder when 484 is divided by 17?
8
Calculate the remainder when 625 is divided by 30.
25
Calculate the remainder when 3077 is divided by 27.
26
What is the remainder when 836 is divided by 24?
20
Calculate the remainder when 434 is divided by 52.
18
Calculate the remainder when 512 is divided by 88.
72
Calculate the remainder when 13233 is divided by 38.
9
What is the remainder when 148 is divided by 140?
8
What is the remainder when 2853 is divided by 84?
81
What is the remainder when 732 is divided by 7?
4
Calculate the remainder when 1179 is divided by 16.
11
Calculate the remainder when 717 is divided by 240.
237
What is the remainder when 114 is divided by 13?
10
What is the remainder when 15165 is divided by 79?
76
What is the remainder when 4330 is divided by 2163?
4
Calculate the remainder when 142 is divided by 85.
57
Calculate the remainder when 1366 is divided by 152.
150
Calculate the remainder when 196 is divided by 11.
9
Calculate the remainder when 73 is divided by 61.
12
Calculate the remainder when 111 is divided by 35.
6
What is the remainder when 427 is divided by 1?
0
What is the remainder when 92 is divided by 12?
8
What is the remainder when 1325 is divided by 433?
26
Calculate the remainder when 741 is divided by 739.
2
What is the remainder when 453 is divided by 4?
1
What is the remainder when 691 is divided by 87?
82
What is the remainder when 95 is divided by 24?
23
What is the remainder when 191 is divided by 92?
7
Calculate the remainder when 387 is divided by 65.
62
What is the remainder when 5415 is divided by 18?
15
What is the remainder when 197 is divided by 25?
22
Calculate the remainder when 1180 is divided by 8.
4
Calculate the remainder when 1277 is divided by 64.
61
What is the remainder when 8257 is divided by 14?
11
What is the remainder when 203 is divided by 171?
32
What is the remainder when 125 is divided by 62?
1
Calculate the remainder when 455 is divided by 234.
221
What is the remainder when 720 is divided by 38?
36
Calculate the remainder when 10 is divided by 2.
0
What is the remainder when 344 is divided by 76?
40
What is the remainder when 3545 is divided by 1172?
29
What is the remainder when 894 is divided by 39?
36
Calculate the remainder when 116 is divided by 62.
54
What is the remainder when 100 is divided by 53?
47
What is the remainder when 201 is divided by 21?
12
Calculate the remainder when 168 is divided by 41.
4
Calculate the remainder when 2086 is divided by 99.
7
What is the remainder when 7311 is divided by 19?
15
Calculate the remainder when 169 is divided by 14.
1
What is the remainder when 5514 is divided by 45?
24
Calculate the remainder when 2574 is divided by 92.
90
Calculate the remainder when 182 is divided by 68.
46
What is the remainder when 42 is divided by 9?
6
What is the remainder when 182 is divided by 57?
11
What is the remainder when 830 is divided by 29?
18
What is the remainder when 1534 is divided by 12?
10
What is the remainder when 116 is divided by 101?
15
Calculate the remainder when 38 is divided by 13.
12
What is the remainder when 298 is divided by 15?
13
What is the remainder when 180 is divided by 29?
6
Calculate the remainder when 164 is divided by 72.
20
What is the remainder when 64 is divided by 13?
12
Calculate the remainder when 1206 is divided by 22.
18
What is the remainder when 900 is divided by 82?
80
What is the remainder when 247 is divided by 59?
11
Calculate the remainder when 338 is divided by 113.
112
Calculate the remainder when 314 is divided by 173.
141
Calculate the remainder when 1538 is divided by 53.
1
Calculate the remainder when 849 is divided by 110.
79
What is the remainder when 612 is divided by 194?
30
What is the remainder when 90 is divided by 42?
6
Calculate the remainder when 1733 is divided by 18.
5
Calculate the remainder when 54 is divided by 16.
6
What is the remainder when 185 is divided by 28?
17
What is the remainder when 38 is divided by 4?
2
What is the remainder when 327 is divided by 11?
8
Calculate the remainder when 228 is divided by 8.
4
Calculate the remainder when 457 is divided by 118.
103
What is the remainder when 10959 is divided by 29?
26
Calculate the remainder when 10661 is divided by 135.
131
What is the remainder when 598 is divided by 47?
34
Calculate the remainder when 1553 is divided by 383.
21
What is the remainder when 1640 is divided by 799?
42
What is the remainder when 2248 is divided by 30?
28
What is the remainder when 668 is divided by 165?
8
Calculate the remainder when 76 is divided by 27.
22
Calculate the remainder when 181 is divided by 3.
1
What is the remainder when 55 is divided by 45?
10
What is the remainder when 256 is divided by 65?
61
Calculate the remainder when 137 is divided by 34.
1
Calculate the remainder when 176 is divided by 60.
56
Calculate the remainder when 1099 is divided by 272.
11
Calculate the remainder when 337 is divided by 26.
25
Calculate the remainder when 156 is divided by 56.
44
What is the remainder when 4078 is divided by 12?
10
What is the remainder when 824 is divided by 55?
54
What is the remainder when 130 is divided by 21?
4
Calculate the remainder when 370 is divided by 38.
28
Calculate the remainder when 151 is divided by 33.
19
What is the remainder when 278 is divided by 32?
22
What is the remainder when 2491 is divided by 58?
55
Calculate the remainder when 1822 is divided by 57.
55
Calculate the remainder when 1005 is divided by 28.
25
Calculate the remainder when 1516 is divided by 42.
4
What is the remainder when 668 is divided by 6?
2
Calculate the remainder when 171 is divided by 25.
21
Calculate the remainder when 799 is divided by 409.
390
What is the remainder when 2837 is divided by 43?
42
Calculate the remainder when 1594 is divided by 42.
40
What is the remainder when 624 is divided by 18?
12
What is the remainder when 311 is divided by 3?
2
Calculate the remainder when 74 is divided by 28.
18
Calculate the remainder when 14363 is divided by 108.
107
What is the remainder when 92 is divided by 5?
2
What is the remainder when 7377 is divided by 180?
177
Calculate the remainder when 61819 is divided by 220.
219
Calculate the remainder when 43 is divided by 42.
1
Calculate the remainder when 547 is divided by 61.
59
What is the remainder when 79 is divided by 10?
9
Calculate the remainder when 120 is divided by 31.
27
Calculate the remainder when 298 is divided by 20.
18
Calculate the remainder when 473 is divided by 96.
89
Calculate the remainder when 118 is divided by 30.
28
Calculate the remainder when 15 is divided by 3.
0
Calculate the remainder when 3366 is divided by 91.
90
Calculate the remainder when 3196 is divided by 80.
76
What is the r